 y?
29
Suppose w - l - 80 = 0, -4*w + 5*w + l - 76 = 0. Let g = 256 - 139. What is the greatest common factor of w and g?
39
Suppose -11*x + 22 = -66. What is the greatest common divisor of x and 1752?
8
Let c be (-3)/(15/5) - 1*-1. Let t(i) = -i**2 + 4*i + 36. Let r be t(c). What is the highest common divisor of 396 and r?
36
Suppose 5*t - d = 59 + 64, -2*t = -5*d - 63. Suppose k + t = 5*k. Suppose 2*l = 5*l - k. What is the greatest common divisor of 4 and l?
2
Let c(q) = q**3 - 4*q**2 + 3*q + 4. Let v be c(3). Suppose 0 = -3*j + 230 + 154. Suppose -7*b = -3*b - j. What is the greatest common factor of v and b?
4
Let s(h) = -3*h**2 + h**3 + 6 - h**2 - 3 - 4*h + 2. Let u be s(5). Let t = 17 - u. Calculate the greatest common factor of t and 14.
7
Let j be 10 - (0/((-5)/5))/3. What is the highest common divisor of 430 and j?
10
Let v(w) = 3*w**3 - 40*w**2 - 22*w + 11. Let j be v(14). Calculate the highest common factor of 190 and j.
95
Suppose -4*n = -2*m + 15 + 11, -92 = -5*m + n. Suppose 0*q - 2*q - 3 = s, -q - m = 4*s. Calculate the greatest common divisor of 5 and q.
1
Let z be 189/(-54)*64/(-14). Calculate the highest common factor of 104 and z.
8
Let q be (-99)/(153/(-68)*(-2)/(-3)). What is the highest common divisor of 33 and q?
33
Suppose -d + 5 = -i, -d - 4*i + 0 = -5. Let c = 35 + 26. Suppose -g - 3*q + 36 = 0, 4*q + 43 = d*g - c. Calculate the highest common divisor of g and 12.
12
Let p = 170 + -115. Calculate the highest common factor of p and 55.
55
Let v(m) = 3*m**2 + 65*m + 50. Let o be v(-21). Let u be 3/(-2)*(-8)/6. Suppose -5*d + u*d + 24 = 0. What is the highest common factor of d and o?
8
Let i be ((-24800)/(-4))/(-16 - -18). Calculate the highest common factor of i and 100.
100
Let x(s) = -4*s**3 - 3*s**2 - 4*s + 1. Let w be x(-2). Let r = 42 - w. What is the greatest common divisor of 143 and r?
13
Let m = 85 + -15. Let y = 5 - 3. Suppose -54 - y = -2*p. What is the greatest common factor of p and m?
14
Let c(w) = 37*w - 68. Let m be c(4). What is the greatest common divisor of m and 1240?
40
Suppose -73 = -4*b + 3851. Calculate the greatest common factor of 109 and b.
109
Suppose -12*c + 1276 = -1916. Calculate the highest common divisor of 152 and c.
38
Let w = -27 - -29. Let a be (-34)/(-4)*w + 1. Calculate the highest common divisor of a and 12.
6
Let q(v) = -32*v**3 + v**2 - v - 1. Let f be q(-1). Suppose -5*j + 3 = -7. Suppose 0 = -j*w - w + f. Calculate the greatest common factor of 88 and w.
11
Suppose 0 = -5*q - 12*q + 1020. Calculate the highest common divisor of 480 and q.
60
Let t be 0 - (-2 + 1) - (0 - 94). Calculate the highest common factor of t and 38.
19
Suppose 11*a - 415 = -1196. Let f = -51 - a. Calculate the highest common factor of 160 and f.
20
Let l be 892 - 11/((-66)/24). Calculate the greatest common divisor of 14 and l.
14
Let v(a) = -3*a - 188. Let c be v(-67). Calculate the greatest common factor of c and 1781.
13
Let t(b) = b - 30. Let d be t(14). Let x be 1/(2/81) + 8/d. Calculate the highest common factor of x and 24.
8
Suppose 0 = -2*y + 2*o + 6, 3*y - 5*o + 5 = 2*y. Suppose -45 = -y*i + 175. Calculate the highest common factor of 4 and i.
4
Let f = 70 - 80. Let t be (-69)/(-5) + (-1)/(-5). Let x = t + f. Calculate the greatest common factor of x and 44.
4
Let x = -754 + 909. Let l = 65 + -3. Calculate the highest common factor of l and x.
31
Let s be (-940)/(-2) + -1 + -1 + -2. Suppose 467*g - 6 = s*g. What is the highest common factor of 30 and g?
6
Let a be (-589)/(-95) - (-8)/10. Suppose -a*g - 45 = -16*g. What is the greatest common factor of g and 95?
5
Suppose 5*c - 25 = -3*i + 43, -i - 4 = -5*c. Let s be (1 - 321)*(-14)/35. Calculate the highest common divisor of s and i.
16
Let t be (48/(-20))/(2 - 36/15). Suppose -3*r + 315 = t*r. Calculate the highest common divisor of 245 and r.
35
Suppose g = -4*m + 12, m + 4*g + 20 = 2*m. Suppose -2*s + 492 = 5*h, 0 = 3*h - m*s + 58 - 374. Calculate the greatest common divisor of 250 and h.
50
Suppose -6*p = -4*p + 2. Let x(o) = -18*o**3. Let q be x(p). Calculate the highest common divisor of q and 2.
2
Let g(i) = 2*i**2 + 7*i - 1. Let c(r) = -5*r + 2. Let b be c(-1). Suppose -5*t = -4*t + b. Let v be g(t). Calculate the highest common factor of 16 and v.
16
Let q = 73 - 53. Suppose q*h = 18*h + 140. What is the highest common divisor of h and 175?
35
Let h(y) = -13*y + 150. Let d be h(5). What is the greatest common divisor of d and 153?
17
Let m = -3161 - -3241. What is the greatest common divisor of 144 and m?
16
Suppose 0*s + 3*s = -5*w + 73, -s = 3*w - 43. Suppose 27 = w*x - 13*x. Calculate the highest common divisor of 72 and x.
9
Suppose -46*n + 86 = -6. Calculate the greatest common factor of n and 5.
1
Let b = 5 - -49. Let q be 6*(-5)/((-20)/(-8)). Let g be 54/q*12/(-9). What is the greatest common divisor of g and b?
6
Let q be 6/27 + (-934)/(-9). What is the highest common factor of q and 13?
13
Suppose 31 = 6*o + 1. Suppose 5*j - 120 = -5*k, 3*j + o*k - k - 70 = 0. Calculate the greatest common factor of 182 and j.
26
Let s = 120 + -170. Let a = 96 + s. Let g = 57 - 34. What is the greatest common factor of a and g?
23
Let d(k) = 18*k - 27. Let m be d(-15). Let f = m + 495. Calculate the highest common divisor of f and 22.
22
Suppose -30 = 3*p + 42. Let o = p - -120. What is the greatest common divisor of o and 12?
12
Let d = 10 + -10. Let k = -30 + 48. Suppose -q - g + k = d, -q - 4*g + 15 = -0*q. Calculate the greatest common factor of q and 95.
19
Let f(m) = 10*m**3 + 4*m**2 - 1. Let o be f(2). Let w = -15 + 34. What is the greatest common factor of w and o?
19
Let k be 2/6 - (-462)/18. Let n be k/(-117) - 92/(-9). What is the highest common divisor of 25 and n?
5
Let c(k) = 5*k**2 + 14*k + 5. Suppose 0 = 2*l + 18 - 8. Let m be c(l). Calculate the greatest common divisor of 24 and m.
12
Suppose 4*a + 1 = 13. Let s(o) = 6*o - 5. Let g be s(a). Calculate the highest common divisor of g and 52.
13
Suppose 3*a + 284 = 5*a - 4*h, 3*a = -4*h + 416. Let b = 2480 - 2460. Calculate the highest common divisor of b and a.
20
Let h(k) = 6*k**2 + 3*k - 3. Let n(c) = c - 5. Let g be n(7). Let w be h(g). Let t = w - -1. What is the highest common factor of t and 7?
7
Let u = -1 + -3. Let a = 6 - u. Calculate the highest common divisor of 40 and a.
10
Suppose o - 20 = 5*o. Let g(p) = -p**3 - 5*p**2 - 2*p. Let k be g(o). Suppose -3*q - k + 70 = 0. Calculate the greatest common factor of 10 and q.
10
Suppose 6*h - 8*h = -62. Suppose 5*s - s - 5*u = h, 0 = -u - 3. Calculate the highest common divisor of 44 and s.
4
Let z = 3 + 26. Suppose 2 = p, p + 362 = 4*c - 448. What is the highest common factor of c and z?
29
Let d be (-11)/22 - (-71)/2. What is the greatest common factor of 5 and d?
5
Let g = -29 + 31. Suppose 2 = f + 2*w - 2, -g*f - w = -8. What is the greatest common factor of f and 28?
4
Let q(t) = 4. Let o(p) = -p - 9. Let d(r) = 3*o(r) + 5*q(r). Let k be d(-6). What is the greatest common divisor of k and 55?
11
Let a be (-2)/3 - 933/(-9). Let w = a - 87. What is the greatest common factor of 24 and w?
8
Let d(o) = -o**2 + 35*o - 297. Let n be d(20). Calculate the highest common divisor of 6 and n.
3
Let f be 6/(-18) + (-26)/(-6). Suppose 5*q + 4*t = 2*q - 1, -f*q - 4*t = 0. Let z(c) = -2*c + 3. Let p be z(q). What is the greatest common factor of 1 and p?
1
Let h be (704/(-80))/((-3)/15). Calculate the highest common factor of h and 4.
4
Let r be (-6)/((-37)/6 - (-11 - -5)). What is the greatest common factor of 576 and r?
36
Let t(w) = w**2 + 5*w - 39. Let d be t(-10). Suppose 0 = 3*r + 97 + 11. Let c = r - -91. What is the greatest common divisor of d and c?
11
Let p = 28 + -22. Let r = 30 + p. Suppose 39 = -4*b + 135. Calculate the greatest common factor of r and b.
12
Suppose -4*j + 8 - 12 = 0. Let n(m) = 6*m**2 + m. Let v be n(j). Calculate the highest common factor of 55 and v.
5
Let c = -454 - -469. Calculate the greatest common factor of 21 and c.
3
Let l = 36 - -48. Calculate the highest common factor of 12 and l.
12
Let y(d) = d**3 + 5*d**2 - 2*d - 1. Let a be y(-6). Let k be (-2915)/a - (-6)/15. What is the greatest common divisor of k and 13?
13
Suppose -5*f + 4*x = -91, 3*f - 53 = 8*x - 4*x. Calculate the highest c